q) - 5*w(q). Let o be (-1 - 0)/(1/6). Is u(o) a composite number?
True
Let a be 660/5 + 2/1. Suppose y + 1 - a = 0. Let n = -54 + y. Is n a prime number?
True
Let w(t) = -t**3 + 3*t**2 + 3*t + 1049. Is w(0) a composite number?
False
Suppose -4*y - 6 - 6 = 0. Let s = -7 + -5. Is (-950)/(-8) + y/s composite?
True
Let x = 106 - -194. Suppose 2*f = -0*f + 2*l - x, 4*f + 3*l = -565. Let j = -66 - f. Is j a composite number?
False
Suppose 0 = 5*u - 2*z - 16, -6 - 6 = 4*z. Suppose -u = -2*a + 6. Is (-1251)/(-15) - a/10 composite?
False
Suppose 2*z + 9915 = 5*x, x - 655 - 1316 = -2*z. Is x a composite number?
True
Suppose 2*y = 6*y + 20. Let b(c) = -c**3 - 5*c**2 + 3. Let p be b(y). Suppose 2*g + 3*n = 49 + 100, -3*g = -p*n - 246. Is g prime?
True
Let k be 328/18 + 4/(-18). Suppose 59 = -3*i - 5*n, 4*i = 2*n + k - 88. Let g = i + 29. Is g a prime number?
True
Let d(m) = -2*m**3 + 14*m**2 - m - 14. Let f(y) = -6*y**3 + 41*y**2 - 4*y - 41. Let x(t) = 17*d(t) - 6*f(t). Is x(6) prime?
False
Let z(a) = a**3 - 4*a**2 - 4*a - 3. Let h be z(5). Suppose 1 - 159 = h*v. Let q = 116 + v. Is q a composite number?
False
Is 2*3*(-268)/(-24) prime?
True
Let x(f) = f + 13. Let d be x(-11). Suppose -18 = -5*q - 3*a - 6, 0 = -5*q + d*a + 17. Suppose 0 = -5*m - 5, -b - 8*m + 46 = -q*m. Is b composite?
True
Suppose -1130 = -3*b - 329. Let x = b + -173. Is x prime?
False
Suppose -3*v + 8*v = 150. Suppose 0 = 4*w + y - 23, 0*w + v = 5*w + y. Is w a prime number?
True
Suppose -4*p + 2*p + 1338 = 0. Suppose x = -2*x + p. Is x prime?
True
Let p be 7/((3/(-3))/(-1)). Let y(j) = 7*j**2 - 8. Let a be y(p). Suppose -3*l + a = 2*l. Is l a composite number?
False
Let i(u) = u**3 + 3*u**2 - 2*u + 2. Let t be i(-4). Is 28/t*(-93)/2 a composite number?
True
Let m(r) = -r - 6*r + 2 - 1. Let h be m(1). Let a(l) = -19*l + 1. Is a(h) prime?
False
Let m(g) = 33*g**2 - 4*g + 4. Is m(3) a prime number?
False
Suppose -3*p + 3115 = 4*p. Is p prime?
False
Is 1/((3/(-126))/(1/(-2))) a composite number?
True
Let y(f) = -f**2 - 8*f - 4. Let i = -5 - -2. Let a be y(i). Let o = 40 + a. Is o a composite number?
True
Suppose -5659 = 2*k + 7013. Is (-2)/10 + k/(-30) a composite number?
False
Suppose 5*l - l = -184. Suppose 5*a + 50 = -0*a. Is (a + -4)/(4/l) prime?
False
Suppose -4*t = -26 + 10. Suppose -22 = -q - 4*c, -t*q + 5*c - 31 = -7*q. Suppose q*a - 55 - 63 = 0. Is a a composite number?
False
Let b = 4 + 6. Is b a prime number?
False
Let x(t) = 4*t**2 - 14*t + 14. Is x(12) composite?
True
Suppose 16 = f + 4*f - 3*h, 0 = -3*f + 5*h + 16. Suppose -2*y + 204 = f*y. Let t = y + -14. Is t composite?
False
Let w be (0 - 2) + (-4)/1. Let x = -8 - w. Is 130 + x/2 - -2 composite?
False
Suppose 4*k - 309 = 3*z, 5*k + 3*z = k + 291. Suppose -73 + 5 = 4*p - 4*a, 9 = -3*a. Let r = k + p. Is r a prime number?
False
Let r = 1035 + -694. Is r a composite number?
True
Let l = 21 + 26. Suppose 0*d + l = d. Is d prime?
True
Let d(y) = -y - 2. Let x be d(-8). Suppose -q - 2785 = -x*q. Is q prime?
True
Suppose 4*g - 3*m + 440 = 0, -5*g + 0*g + m = 539. Let w = -73 - g. Is w a composite number?
True
Let u(i) = i**3 + 5*i**2 - 2*i - 9. Let t(d) = 5*d**3 + 24*d**2 - 10*d - 46. Let b(l) = 2*t(l) - 11*u(l). Let n be b(-7). Is (n/(-2))/((-3)/(-30)) composite?
True
Let y be 5/(0 + 1) - 0. Suppose -y*p + 6 = -2*p. Let i(d) = 18*d**2 + 3*d - 1. Is i(p) a prime number?
False
Is 2/8 - (-1 + (-11228)/16) prime?
False
Let w = 0 - 10. Let d be w/(-45) - (-4)/(-18). Suppose d = 3*i - 4*b - 49, 2*i + 6 - 38 = 3*b. Is i a composite number?
False
Let n(s) = -87*s. Let p be n(-1). Suppose 0 = -5*c - 3*g + 442, -5*c + 354 = 4*g - p. Is c a prime number?
True
Let k(z) be the third derivative of 0*z + 1/8*z**4 + 1/2*z**3 + 0 + 11/60*z**5 + 3*z**2. Is k(3) a composite number?
True
Let h = 25 + -18. Suppose -3*u + 12 = 5*k, -3*u - h = -5*k - 49. Is u prime?
False
Let o be 1/(-1) + -2 + 7. Suppose -o*b + 5*c = -28, b - 4*b - 2*c - 2 = 0. Suppose -i + 6 = b*i. Is i a composite number?
False
Suppose a - 44 = 5*a. Let j be (-6)/33 - 68/a. Let v = j - -43. Is v composite?
True
Suppose 5*y + 10 + 5 = 0. Let k = 2 - y. Suppose k*c = 76 - 1. Is c composite?
True
Let j(t) = 189*t + 1. Is j(2) a prime number?
True
Is 9/(-15) + 272992/20 composite?
False
Let a(r) be the third derivative of r**6/120 - r**5/12 + r**4/6 + 2*r**2. Let k be a(4). Suppose 5*c + q - 176 = k, 16 = c - q - 18. Is c a prime number?
False
Suppose 2*f = 587 + 105. Suppose f - 79 = 3*a. Is a composite?
False
Suppose -5*b + 0*b - 10 = 0. Is (-2152)/(-28) - b/14 a prime number?
False
Let i(a) = 5*a**2 + 7*a - 1. Let j = -5 + 11. Is i(j) a prime number?
False
Suppose 0 = -5*a + 4*k - 2*k + 288, -2*k = -4*a + 230. Is a prime?
False
Suppose 33 = 3*j + a + 2*a, -2*a = -6. Suppose -4*l + 1160 = 3*x, -3*x + x = j. Is l a prime number?
True
Let h be (-6)/2*(4 - 6). Let w(i) = -i**2 + 5*i + 8. Let s be w(h). Suppose -3*q = s*q - 265. Is q prime?
True
Let d be 3/(-1) - (-11 + 886). Let s = -611 - d. Is s prime?
False
Let k(q) = 13*q**2 - 6*q + 10. Let p be k(-7). Suppose -2*w - 547 = -5*h, -5*h - 5*w = 149 - p. Is h composite?
False
Is (-3798)/12*4/(-6) a composite number?
False
Let n = 1226 - 673. Is n a composite number?
True
Let h(n) = -n + 11. Let t be h(8). Suppose t*g + 7 = v, -5*g - 22 - 23 = -5*v. Is v a composite number?
True
Suppose 0*b = b - 5. Suppose -4*g - j + 60 = -b*j, -5*j = 2*g - 9. Suppose g = 2*t - 102. Is t prime?
False
Suppose -4*u + 20 = 0, u = 5*i + 6 - 16. Suppose 5*a - 69 = -2*h, -2*a + i*h = -30 + 10. Is a prime?
True
Let r = 126 - 71. Is r prime?
False
Suppose -2*n = -2*o - 3*n - 297, o + 136 = 2*n. Let p = o + 237. Is p a composite number?
True
Is 2 + 89 - 0 - 2 a prime number?
True
Suppose -5*i + 2*l = -14, -4*l - 8 = -5*i - 0*l. Suppose 2*t - 3*f = f + 142, 0 = -i*t + 2*f + 272. Is t a prime number?
True
Suppose -3*w - w = -716. Is w composite?
False
Suppose 0 = -k - 3, -k - 4 = -g + 4*k. Let v(c) = c**2 + 11*c + 3. Is v(g) a prime number?
True
Let t(h) = 156*h**2 - 5*h + 4. Is t(1) prime?
False
Suppose -3 = 4*l + 181. Let k = -18 - l. Let p = k - -23. Is p a composite number?
True
Suppose -59 = 2*l - 167. Suppose u = 3*u + 2*w - l, 3*u - 89 = -5*w. Is u a prime number?
True
Is (763 - -4) + 2 + 0 a prime number?
True
Suppose 3*a - 12 = 3. Suppose 5*q - 670 = -5*j, -a*j = 2*q - 202 - 75. Is q a composite number?
False
Let v(d) = -d. Let o(w) = 2*w**3 - w**2 - 5*w + 4. Let h(x) = -o(x) + 3*v(x). Let q(t) = t**2 + 5*t + 1. Let f be q(-4). Is h(f) prime?
True
Let x(q) = -q**3 - 8*q**2 - 7*q - 6. Let s be x(-8). Suppose 5*k = s + 15. Is k a prime number?
True
Let d = -17 + 21. Suppose -d*r = -656 - 248. Is r a prime number?
False
Let i be -1*(0 - 1)*7. Let t(z) = -z**3 + 7*z**2 + 10*z - 5. Is t(i) prime?
False
Suppose 2*y = -2*y + 220. Is y a prime number?
False
Suppose -2*k - 2*k + u = -18, 0 = u + 2. Is k*(0 - 573/(-12)) composite?
False
Suppose 2*l - 4156 = -2*l. Is l composite?
False
Suppose -w + 4*t + 41 = -0*w, -94 = -2*w + 2*t. Let z = w - 31. Let c = z + -12. Is c prime?
False
Let v = 72 + 139. Is v composite?
False
Let r = 426 + -283. Is r a composite number?
True
Suppose -7*z + 290 = -2*z. Suppose -3*p + 7 = -50. Let t = p + z. Is t a prime number?
False
Let m be -1*(-1)/(-1)*-2. Suppose m*n = -0*n - v, -3*n + 3*v + 18 = 0. Let d = 11 + n. Is d composite?
False
Suppose 3*n + 26 - 92 = 0. Is n a composite number?
True
Let v(u) be the third derivative of 37*u**5/60 - u**4/24 + u**3/6 - 2*u**2. Is v(1) prime?
True
Suppose 16*o - 3112 = 12*o. Is o composite?
True
Suppose x + 7 = 2*x - 3*k, 0 = -2*x + 3*k - 1. Let d(q) = -q**2 - 16*q - 5. Is d(x) a prime number?
True
Let s(j) = 5*j - 20. Let w(r) = -1. Let n(y) = -s(y) + 15*w(y). Is n(-4) a prime number?
False
Let p = 33 - -998. Is p a prime number?
True
Let m(u) = -115*u - 39. Is m(-10) a composite number?
True
Suppose -65 = -t + 842. Is t a composite number?
False
Let q(d) = 7*d**2 + 3*d - 21. Let l(x) = -4*x**2 - x + 11. Let v(h) = 5*l(h) + 3*q(h). Let b be v(-6). Suppose -b*k + 40 = -84. Is k a composite number?
False
Let t be (-5 - -2)/(1/(-41)). Let i = -72 + t. Is i prime?
False
Suppose 139 = 4*j - 141. Suppose -j = -4*m - 10. Is m a prime number?
False
Suppose -a + 4 = 0, y + 2*y + 2*a = -4. Is (-13